 5 + 0 + (6 - (14 - 4)).
1
What is 1 - 5 - (125 + -126)?
-3
(-5 - -8) + (2 - 4)
1
Evaluate 13 + (11 - 22) - 7.
-5
-7 + 4 - (-9 - -1)
5
What is the value of (11 - 14) + (1 - 0) + 3?
1
Calculate -7 - -10 - (-2 - (2 + -3)).
4
What is -6 + 0 + 4 + 1?
-1
Evaluate 19 + -32 - (-6 - 2).
-5
-2 - ((2 - (-1 - 0)) + -3)
-2
(-2 + 0 - (-13 + 13)) + 0
-2
Evaluate (2 - 6) + (0 - -2) + 0.
-2
What is the value of 5 + 0 + -2 + 3 + -2?
4
Evaluate 20 - 24 - (-5 - 1).
2
6 + (1 - (2 - 5) - 6)
4
(-3 - -2) + -1 + (20 - 17)
1
Evaluate -5 + 18 + -11 + -6 + 1.
-3
4 + -1 + 1 + -3
1
What is 5 + (-13 - -5) + 8 + -2?
3
Calculate 4 + (4 - 2 - 8).
-2
Calculate 1 + -13 + (-121 - -132).
-1
5 + -2 + 4 + 5 + -11
1
Evaluate -8 - ((-3 - 2) + -2 - -1).
-2
Calculate 0 + 1 + (-2 - 2).
-3
Evaluate (7 + 3 + -3 - -1) + -3.
5
What is the value of -25 + 22 - (0 - 6)?
3
What is the value of (19 - 22) + (1 - 1)?
-3
-1 + -2 - (-12 - -1 - -9)
-1
What is the value of -9 + 3 + 17 + -4?
7
What is the value of 5 - -1 - 2 - 8?
-4
What is -4 - ((-1 - 10) + 5)?
2
Evaluate -4 - (3 + (0 - 6)).
-1
Evaluate -2 + (-1 - 2 - (0 + -2)).
-3
-4 + 0 + 2 + 9 - 5
2
What is the value of -7 + 15 + -5 - (3 + 1)?
-1
What is the value of 0 - (6 - 2) - -5?
1
What is the value of -1 + ((7 - -1) + -2 - 0)?
5
What is the value of 0 + (4 + (2 - 5) - 0)?
1
Evaluate -8 + 12 + 1 + -7.
-2
What is 7 + -4 + -6 - (-3 - -1)?
-1
Evaluate -5 + 10 - (-3 - -8).
0
What is 3 + -6 + (3 + -4 - 1)?
-5
Calculate 5 + (0 - (2 + (3 - -3))).
-3
What is -5 - ((-1 - 2) + -2 + 2)?
-2
Calculate 1 + -18 - (116 - 125).
-8
Evaluate (1 - (-7 - -7)) + 0 + 6.
7
2 + -3 + 3 + (7 - 8)
1
Evaluate (-2 - (3 + -2 + -1)) + 3.
1
Calculate (-9 - -12) + (3 + -9 - 0).
-3
What is the value of 0 + (-1 + -1 - -9)?
7
-3 + 2 + (-4 - (-3 + 0))
-2
1 + 3 + -80 + 74
-2
What is 4 - (4 - 0 - 2)?
2
What is the value of 7 + -13 - -10 - (1 - 1)?
4
-1 + -6 + 2 - -2
-3
What is the value of -6 + 14 + (-6 - -6)?
8
What is the value of 0 - -4 - (-1 + 6)?
-1
Calculate 9 - 1 - (8 + -6 + 7).
-1
-2 - -5 - -2 - -1 - 4
2
-10 + 7 - (0 - 1)
-2
What is 3 + -2 + 4 + 1 - 11?
-5
Calculate 1 - 8 - (3 - 2).
-8
(-1 - -6 - 7) + -3
-5
Calculate -2 - (3 - (16 - 1)) - 3.
7
Evaluate (0 - (2 + (-4 - 0))) + -4.
-2
What is the value of 1 - 9 - (-18 - -4)?
6
What is -2 - ((-11 - -6) + 1 + -2)?
4
Calculate -1 + 1 + (-20 - -16).
-4
4 + (6 - (5 + 2))
3
What is 7 + (9 + -5 + -7 - 2)?
2
Calculate 9 - 6 - (-1 + 6).
-2
Evaluate (-17 - -11) + 4 + 2.
0
What is the value of 0 + 1 + 0 + 38 + -44?
-5
Evaluate 7 - 0 - (18 + -2 + -12).
3
What is the value of -4 - (-10 + (0 + 6 - 0))?
0
Evaluate 5 + (6 - (4 - -4)).
3
What is -1 - (5 - 1 - 9)?
4
What is the value of -5 + 7 - (0 + 0)?
2
(1 - -6) + -4 - 3
0
Calculate 1 + -12 - (-161 - -159).
-9
Calculate -5 + -1 + 5 + 4.
3
What is -1 - (-1 + 8) - -6?
-2
Calculate (-3 - 3) + 0 + 3 + 1.
-2
Evaluate (-15 - -3) + 11 + -2.
-3
What is (0 - -2 - -1) + -4 + 2?
1
Calculate (-14 - -1 - -9) + 0 + -3.
-7
(20 - 8) + -10 + -10
-8
Evaluate (-4 - (-10 + 4)) + (-2 - -1).
1
Calculate (-8 - 1) + 9 - 1.
-1
Calculate 2 - (2 + 2) - -5.
3
What is -4 + (-2 - ((7 - 15) + 1))?
1
What is (-3 - -5 - 4) + 4?
2
What is the value of (-41 - -43) + (-1 - 2)?
-1
What is -4 + (4 - (3 - 7))?
4
What is 16 + -11 + 1 + 1 + -12?
-5
What is the value of -3 + 1 + -1 + -3 + 4?
-2
Evaluate 16 - ((-11 - -23) + -5).
9
6 - (-3 - 2 - -16)
-5
0 + 3 + -1 + -2
0
What is -9 + 5 - (-9 - -6)?
-1
What is the value of 2 + 3 + -5 + 2?
2
What is 6 - (2 - (-11 - 5 - -6))?
-6
What is the value of (-3 - -6) + 1 + 2 + -1?
5
Evaluate -35 + 41 - (-1 + 11).
-4
What is (1 - -2) + (7 - 10) + 3?
3
Evaluate 4 + -1 + (1 - 0).
4
Evaluate 8 - 1 - -3 - 11.
-1
Calculate 38 + -40 - (-5 + 1).
2
What is 4 + 0 + (-7 - -7 - 3)?
1
What is -10 + (-12 - -9 - -5)?
-8
Calculate -3 + 2 + -1 + (-21 - -17).
-6
What is the value of -2 - (1 - 3 - -1)?
-1
What is the value of -1 + -1 + 8 - 3 - 2?
1
Calculate -57 + 62 + (0 + 0 - 0).
5
Calculate -10 + 3 - (-17 + 8).
2
-3 + (-3 - (-5 - -4) - -3)
-2
What is the value of (-1 - -2) + 0 + 2?
3
What is the value of 6 + (4 - 0) + -11?
-1
What is the value of (5 + 2 + -5 - 1) + -2?
-1
-1 + -3 - (1 - 2)
-3
Evaluate -1 - (-4 - -4 - -1 - 0).
-2
-8 + 11 + -1 - (-6 - -2)
6
1 + (-1 - (-3 + 7))
-4
What is the value of -9 + 6 + (2 - -1) + 2?
2
Evaluate -16 + 28 + -11 + 2.
3
8 + -5 + 1 + -5
-1
Calculate (-3 + 14 + -5 - 1) + -11.
-6
Calculate (-129 - -122) + (0 - -12).
5
Evaluate 3 + (-2 - 3) + -3.
-5
Evaluate (-3 - (9 + -15)) + -9.
-6
What is the value of 28 - 27 - (1 + 7)?
-7
What is 0 - (0 - (-2 + -1))?
-3
What is the value of -2 + 1 + (-9 - -10)?
0
What is the value of 3 + (-1 - -1) - (-1 + 8)?
-4
What is the value of 13 + -2 + -7 + 2?
6
Evaluate (4 - (2 - 7 - -3)) + 0.
6
Calculate (-1 + -1 - 1) + 0 + -1.
-4
What is the value of 1 + -4 + (-1 - -3) + -2?
-3
-1 + 0 + -1 + 7
5
What is -8 - -7 - 5 - -11?
5
What is (-10 - -1) + 6 + -4?
-7
3 + (-4 - -6) + -2
3
Calculate (-5 + 9 + -9 - 8) + 6.
-7
Calculate 0 + 11 + 8 - 12.
7
What is (-18 - -8) + (-8 - -22)?
4
What is -7 + 8 + 2 + -1?
2
Evaluate -3 + (2 - (0 + 2) - -3).
0
(-5 - -3) + 3 + -5
-4
-4 + -4 + 8 + 1 - -2
3
Calculate 3 + (5 - 13) + 5.
0
Evaluate (2 - ((12 - 3) + -3)) + 0.
-4
Evaluate -1 + 1 + 4 - 5.
-1
What is the value of (-8 - (-1 - 6)) + -5 + 0?
-6
What is the value of 5 - (10 - (-5 - -5))?
-5
Calculate -8 + (5 + 3 - 8) + 14.
6
What is the value of 1 - 8 - (-54 - -40)?
7
What is (-5 - (2 + 7)) + 6?
-8
Evaluate (11 - (34 + -10)) + 10.
-3
Calculate -4 - (6 + -9 + -2 + 4).
-3
What is the value of 5 + -19 - -1 - -6?
-7
Calculate 4 + -2 + -5 + 3 + 5.
5
Evaluate 1 + -8 + 8 + (0 - 8).
-7
Evaluate -1 - -7 - (-4 - (-6 + -1)).
3
3 - (0 - (6 - (0 - -8)))
1
5 + -5 + (-3 + 3 - -1)
1
Evaluate -6 - (4 + -3 + -7).
0
What is 5 + (0 - 10) + 1?
-4
-8 - -12 - (3 + 1)
0
6 - (-13 - -7 - -9)
3
What is the value of (0 + -1 - (-6 - -3)) + 1?
3
2 + 0 + 4 + 4 + -8
2
Evaluate -3 + 3 - (-5 + 8).
-3
-2 + (-1 - (-2 - 1))
0
What is 6 - (0 + 5) - (4 - -2)?
-5
3 + (4 - (0 - -11))
-4
-16 + (-5 - 0) - -12
-9
What is (-67 - -58) + (-1 - -5)?
-5
Calculate -3 + 0 + 5 + 1.
3
What is the value of (-7 - -15) + -5 - -2?
5
Calculate 5 - (7 + -3) - (-5 + 7).
-1
6 - -1 - (1 - -1)
5
What is -1 + 6 + (-18 + 5 - -10)?
2
Evaluate -66 + 60 - (-4 + -1).
-1
Evaluate 3 - (0 - -5 - 3).
1
What is 5 - (4 - (5 - 3))?
3
Evaluate (-11 - -9) + -2 + 0.
-4
Calculate -198 + 180 - (0 + -8).
-10
What is the value of 4 - (6 - (-3 - -5))?
0
Calculate -5 + 7 + 3 + -4 - -5.
6
Evaluate (77 - 83) + 10 + -1.
3
What is the value of (6 - 5 - 1) + 2 + -1?
1
(8 - 10) + 7 + -1
4
What is the value of -1 + 5 + -1 + 4 + -2?
5
Evaluate 0 - -7 - (12 + -13).
8
Calculate (-13 - 7 - -11) + 12.
3
What is the value of -6 + 14 - (5 + 0)?
3
0 + 6 + -11 + 3 + 5
3
Evaluate 1 + (5 - (15 - 5)).
-4
What is -2 - 1 - (6 - (2 - -5))?
-2
What is 1 + (1 - 0) - (-10 + 7)?
5
Evaluate -3 - (-7 + 1) - 9.
-6
Calculate -3 - (-6 - -4) - -4.
3
Evaluate -4 - ((-15 - 3) + 5 - -2).
7
(5 + -26 - -8) + 5 + 7
-1
Evaluate 2 - (11 - (-4 + 7)).
-6
6 + -9 - (-6 - 2 - -1)
4
What is the value of (-4 - 0) + -1 + -4 + 3?
-6
Calculate -3 - (-3 - (2 + -4) - -1).
-3
Evaluate (6 - 12) + 10 + 0.
4
-8 + (2 + 5 - 3)
-4
What is (2 - -1) + -3 + 2 + 1?
3
(-2 - -5) + (-3 + 0 - -4)
4
2 + 1 + -3 + 0 + 5
5
Calculate -13 - (-24 - -11) - -7.
7
-7 + (3 - (-3 - -4)) + 14
9
What is the value of 5 + 0 - (11 - -6 - 8)?
-4
Evaluate (-6 - -15) + (17 - 24).
2
Calculate 4 + 4 + 0 + 0 + -6.
2
What is the value of 12 + -13 - (-2 - 2)?
3
What is the value of -1 - 2 - (-5 + 1)?
1
-11 - -13 - (4 - (4 + 5))
7
Calculate 8 + -13 - (-2 - -1).
-4
Evaluate (0 - (8 - 8)) + 4.
4
Evaluate (1 + -9 + 7 - -14) + -3.
10
Calculate 8 + (-10 - (-1 - 4)) + 1.
4
9 + -13 + -6 - -16
6
Evaluate -15 - (-5 - 6 - -4).
-8
What is -1 - (4 - (-4 + 4) - 4)?
-1
What is the value of -8 + 12 - (14 - 2 - 1)?
-7
(2 - 9) + 11 + -18 - -7
-7
-2 + 14 + -24 + 17
5
Calculate -3 - ((62 - 64) + (0 - -7)).
-8
Evaluate 6 + (1 - 4) + (15 - 12).
6
What is (2 - 4) + 1 + 6?
5
8 + 2 + -7 + 4
7
What is the value of -3 - (-3 + 4 + -3)?
-1
What is 1 + 11 + (47 - 56)?
3
-4 + (0 - 4) + 3
-5
Evaluate (-19 - (1 + -10)) + 14.
4
-1 - (0 - -2 - (-1 + 1))
-3
What is the value of 0 - (0 - 2) - 1?
1
Evaluate (-4 + 3 + -3 - -4) + -6.
-6
What is the value of 5 - (-2 - -2 - (-8 - -6)